{"id":7,"date":"2008-03-15T23:50:49","date_gmt":"2008-03-15T22:50:49","guid":{"rendered":"http:\/\/www.sakatland.com\/Dev\/Lolilol\/?page_id=7"},"modified":"2012-06-24T08:20:47","modified_gmt":"2012-06-24T00:20:47","slug":"a-propos","status":"publish","type":"page","link":"http:\/\/www.sakatland.com\/web\/?page_id=7","title":{"rendered":"A propos | About"},"content":{"rendered":"<p style=\"text-align: center;\">English version :<a title=\"About\" href=\"http:\/\/www.sakatland.com\/web\/?p=21\" target=\"_self\"> <img decoding=\"async\" src=\"http:\/\/www.sakatland.com\/pictures\/ukflag.jpg\" alt=\"FR Flag\" \/><\/a><\/p>\n<p><span style=\"text-decoration: underline;\">Mot de Sakat:<\/span><\/p>\n<blockquote><p><em> Je m&rsquo;appelle Nicolas C\u00e9rutti mais je r\u00e9ponds aussi lorsque quelqu&rsquo;un appelle &lsquo;Sakat&rsquo; ou &lsquo;\u674e\u7b11&rsquo; (selon le pays). Je suis n\u00e9 peu apr\u00e8s <a title=\"Tchernobyl\" href=\"http:\/\/fr.wikipedia.org\/wiki\/Catastrophe_de_Tchernobyl\" target=\"_blank\">l&rsquo;explosion du r\u00e9acteur de Tchernobyl<\/a> (ce qui peut expliquer bien <a title=\"Dj Sakat\" href=\"http:\/\/www.sakatland.com\/web\/?p=33\" target=\"_blank\">des choses<\/a>) et suis originaire du <a title=\"Valais\" href=\"http:\/\/desencyclopedie.wikia.com\/wiki\/Valais\" target=\"_blank\">Valais<\/a>.<\/em><\/p><\/blockquote>\n<p style=\"text-align: center;\"><img decoding=\"async\" class=\"aligncenter\" src=\"http:\/\/www.sakatland.com\/pictures\/Sakat.jpg\" alt=\"Sakat\" \/><\/p>\n<blockquote><p><em> J&rsquo;ai obtenu ma maturit\u00e9 f\u00e9d\u00e9rale au <a title=\"LCP\" href=\"http:\/\/fr.wikipedia.org\/wiki\/Lyc%C3%A9e-Coll%C3%A8ge_de_la_Planta\" target=\"_blank\">Lyc\u00e9e-Coll\u00e8ge de la Planta<\/a> en Physique\/Maths appliqu\u00e9s en 2007. Apr\u00e8s quelques mois \u00e0 l&rsquo;<a title=\"Unige\" href=\"http:\/\/www.unige.ch\/index.html\" target=\"_blank\">Universit\u00e9 de Gen\u00e8ve<\/a> en Anglais et Japonais, j&rsquo;ai d\u00e9cid\u00e9 d&rsquo;arr\u00eater pour prendre une voie plus rapide vers ce qui m&rsquo;int\u00e9resse : une \u00e9cole de cin\u00e9ma \u00e0 l&rsquo;\u00e9tranger. J&rsquo;ai\u00a0 donc travaill\u00e9 durant 6 mois chez <a title=\"Alcan\" href=\"http:\/\/www.riotintoalcan.com\/\" target=\"_blank\">Alcan Rio Tinto<\/a> pour financer en premier temps une \u00e9cole de langue \u00e0 <a title=\"T\u00f4ky\u00f4\" href=\"http:\/\/fr.wikipedia.org\/wiki\/Tokyo\" target=\"_blank\">T\u00f4ky\u00f4<\/a>.<\/em><\/p>\n<p><em>Apr\u00e8s 1 an et demi de cours de langue \u00e0 <a title=\"ISI Tokyo\" href=\"http:\/\/www.isi-education.com\/english\/wp\/?page_id=19\" target=\"_blank\">ISI Tokyo<\/a>, j&rsquo;ai suivi une ann\u00e9e de formation en vid\u00e9os clips et promotionnels \u00e0 <a title=\"FC Tokyo\" href=\"http:\/\/www.movie.ac.jp\/\" target=\"_blank\">FC Tokyo<\/a>. Les cours y \u00e9taient principalement en Japonais. D\u00e9sormais je continue ma formation mais en Chine, \u00e0 P\u00e9kin. Une nouvelle langue \u00e0 apprendre, ce qui ne facilitait pas la t\u00e2che. Toutefois, c&rsquo;est justement ce que je cherche dans mon p\u00e9riple: un d\u00e9fi culturel et linguistique. A partir de septembre 2012 je commence un Bachelor de Cin\u00e9matographie \u00e0 l\u2018<a title=\"BFA\" href=\"http:\/\/www.bfa.edu.cn\/\" target=\"_blank\">Universit\u00e9 de Film de P\u00e9kin<\/a>.<br \/>\n<\/em><\/p>\n<p><em>Je n&rsquo;ai toutefois pas attendu de commencer ma formation pour d\u00e9couvrir la vid\u00e9o et son univers. Un petit bilan actuel:<\/em><\/p>\n<p><span style=\"text-decoration: underline;\"><em>Mat\u00e9riels:<\/em><\/span><\/p>\n<p><em>&#8211; Canon XL2: Cam\u00e9ra principale pour les vid\u00e9os de Sakatland<\/em><\/p>\n<p><em>&#8211; Panasonic DVX100A: Cam\u00e9ra utilis\u00e9e en cours et diverses projets.<\/em><\/p>\n<p><em>&#8211; Sony Z7J: Cam\u00e9ra utilis\u00e9e sur diverses projets.<\/em><\/p>\n<p><em>&#8211; Canon Kiss X2 (450D) + Sigma 18-200 OS &amp; Sigma 50mm F1.4: Appareil photo que j&rsquo;utilise notamment pour des reportages photos.<\/em><\/p>\n<p><span style=\"text-decoration: underline;\"><em>Logiciels:<\/em><\/span><em><br \/>\n<\/em><\/p>\n<p><em>&#8211; Adobe Premiere Pro: connaissances avanc\u00e9es<br \/>\n<\/em><\/p>\n<p><em>&#8211; After Effect Pro: bonnes connaissances<br \/>\n<\/em><\/p>\n<p><em>&#8211; Photoshop Pro: <em>connaissances avanc\u00e9es<\/em><br \/>\n<\/em><\/p>\n<p><em>Actuellement, je travaille essentiellement avec la suite Adobe Creative Production Premium 5 dont je poss\u00e8de la licence. J&rsquo;ai donc aussi les bases d&rsquo;Encore, Soundbooth ou encore Illustrator. Avant de me d\u00e9cider pour les produits Adobe, j&rsquo;ai entre autres utilis\u00e9 Sony Vegas, Particle Illusion, ainsi que Final Cut.<em><\/em><br \/>\n<\/em><\/p>\n<p><em>Je maintiens le site de Sakatland depuis une dizaine d&rsquo;ann\u00e9es. J&rsquo;ai ainsi acquis des connaissances g\u00e9n\u00e9rales de webmastering. Les technologies &#8211; bande passante, format vid\u00e9o, &#8230; &#8211; \u00e9voluant,\u00a0 j&rsquo;ai\u00a0 exp\u00e9riment\u00e9 plusieurs types de compression vid\u00e9o pour distribuer au mieux les cr\u00e9ations de l&rsquo;association.<br \/>\n<\/em><\/p>\n<p><em>Despotique Pr\u00e9sident fondateur de <a title=\"Sakatland\" href=\"http:\/\/www.sakatland.com\" target=\"_blank\">Sakatland<\/a>, je suis toujours avides de d\u00e9couvrir et apprendre. Durant mon p\u00e9riple \u00e0 l&rsquo;\u00e9tranger, j&rsquo;\u00e9cris parfois des articles et des reportages photos sur<a title=\"Nipponisation Blog\" href=\"http:\/\/www.sakatland.com\/blog\/\" target=\"_blank\"> mon blog<\/a> consacr\u00e9 au Japon, la Chine et d&rsquo;autres sujets.<\/em><\/p><\/blockquote>\n<p><span style=\"text-decoration: underline;\">Mais qu&rsquo;est-ce que Sakatland?<\/span><\/p>\n<p>Sakatland est une association sans but lucratif du Valais central qui a pour but de r\u00e9unir des comp\u00e9tences pour permettre la r\u00e9alisation de divers court-m\u00e9trages.<\/p>\n<p>Le dossier de pr\u00e9sentation ainsi que les status sont disponibles au format .pdf (lisible avec <a title=\"Adobe Reader\" href=\"http:\/\/www.clubic.com\/telecharger-fiche13628-adobe-reader-acrobat.html\" target=\"_blank\">Adobe Reader<\/a>) : <a title=\"Dossier Sakatland 2008\" href=\"http:\/\/www.sakatland.com\/Dossier_Sakatland_2008.pdf\" target=\"_blank\">Dossier<\/a> et <a title=\"Status Sakatland 2008\" href=\"http:\/\/www.sakatland.com\/Status_Sakatland_2008.pdf\" target=\"_blank\">Status<\/a> de Sakatland.<\/p>\n<blockquote><p><em> Lorsque j&rsquo;ai fond\u00e9 Sakatland avec l&rsquo;appui de plusieurs amis le but \u00e9tait de se faire simplement plaisir en faisant de petits projets. Toutefois, avec le temps, le petit loisir est devenu pour moi une vraie passion dont je souhaite aujourd&rsquo;hui faire mon m\u00e9tier. Je comprend donc tout \u00e0 fait si les amis avec qui je r\u00e9alise ces vid\u00e9os ne sont pas pr\u00eats \u00e0 autant s&rsquo;investir. Je ne peux d&rsquo;ailleurs que les remercier pour les nombreuses journ\u00e9es qu&rsquo;ils ont consacr\u00e9es \u00e0 la r\u00e9alisation des vid\u00e9os de Sakatland car seul on ne fait pas grand chose.<\/em><\/p><\/blockquote>\n<p>Sakatland est donc en p\u00e9riode de transition entre cette \u00e9poque &lsquo;for fun&rsquo; et maintenant o\u00f9 le but est de faire quelque chose le plus propre et abouti possible.<\/p>\n<p>Vous pouvez me contacter \u00e0 <a title=\"Mail Sakat\" href=\"mailto:sakat@sakatland.com\" target=\"_blank\">sakat@sakatland.com<\/a> ou aussi \u00e9crire un e-mail qui ne sera jamais lu \u00e0 <a title=\"Mail Useless\" href=\"mailto:useless@sakatland.com\" target=\"_blank\">useless@sakatland.com<\/a>.<\/p>\n<p style=\"text-align: center;\"><img decoding=\"async\" class=\"aligncenter\" src=\"http:\/\/www.sakatland.com\/pictures\/SoD_Groupe.jpg\" alt=\"Sakat of Defeat\" \/><\/p>\n<p style=\"text-align: center;\">Tournage de Sakat of Defeat 2<\/p>\n<p style=\"text-align: center;\">Photo: Pierre-Louis C\u00e9rutti<\/p>\n","protected":false},"excerpt":{"rendered":"<p>English version : Mot de Sakat: Je m&rsquo;appelle Nicolas C\u00e9rutti mais je r\u00e9ponds aussi lorsque quelqu&rsquo;un appelle &lsquo;Sakat&rsquo; ou &lsquo;\u674e\u7b11&rsquo; (selon le pays). Je suis n\u00e9 peu apr\u00e8s l&rsquo;explosion du r\u00e9acteur de Tchernobyl (ce qui peut expliquer bien des choses) et suis originaire du Valais. J&rsquo;ai obtenu ma maturit\u00e9 f\u00e9d\u00e9rale au Lyc\u00e9e-Coll\u00e8ge de la Planta [&hellip;]<\/p>\n","protected":false},"author":1,"featured_media":0,"parent":0,"menu_order":7,"comment_status":"closed","ping_status":"closed","template":"","meta":{"ngg_post_thumbnail":0},"aioseo_notices":[],"_links":{"self":[{"href":"http:\/\/www.sakatland.com\/web\/index.php?rest_route=\/wp\/v2\/pages\/7"}],"collection":[{"href":"http:\/\/www.sakatland.com\/web\/index.php?rest_route=\/wp\/v2\/pages"}],"about":[{"href":"http:\/\/www.sakatland.com\/web\/index.php?rest_route=\/wp\/v2\/types\/page"}],"author":[{"embeddable":true,"href":"http:\/\/www.sakatland.com\/web\/index.php?rest_route=\/wp\/v2\/users\/1"}],"replies":[{"embeddable":true,"href":"http:\/\/www.sakatland.com\/web\/index.php?rest_route=%2Fwp%2Fv2%2Fcomments&post=7"}],"version-history":[{"count":20,"href":"http:\/\/www.sakatland.com\/web\/index.php?rest_route=\/wp\/v2\/pages\/7\/revisions"}],"predecessor-version":[{"id":80,"href":"http:\/\/www.sakatland.com\/web\/index.php?rest_route=\/wp\/v2\/pages\/7\/revisions\/80"}],"wp:attachment":[{"href":"http:\/\/www.sakatland.com\/web\/index.php?rest_route=%2Fwp%2Fv2%2Fmedia&parent=7"}],"curies":[{"name":"wp","href":"https:\/\/api.w.org\/{rel}","templated":true}]}}